 -4)?
10
Let x = -8 + 19. Calculate the remainder when 30 is divided by x*2/((-4)/(-2)).
8
Suppose 4*l + 8 + 33 = -5*p, 3*l = -2*p - 22. What is the remainder when 138/l*(-12)/9 is divided by 12?
10
Suppose -9*l = -7*l - 52. Let r(d) = d - 10. Let q be r(7). Let c(w) = w**2 - w - 3. What is the remainder when l is divided by c(q)?
8
Suppose 2*d + 20 = 7*d + 2*v, 0 = -d - 4*v + 22. Suppose -2*q = -q - d*i, -5*q + 4*i + 6 = 0. Calculate the remainder when 7 is divided by q.
1
What is the remainder when 78 is divided by -2*10*((-48)/(-20))/(-3)?
14
Let w(d) = 54*d**2 - d. What is the remainder when w(-1) is divided by (-3 - 36/(-8))*28/3?
13
Let f(o) = 68*o + 6. What is the remainder when f(1) is divided by (15/(-9))/((-1)/15)?
24
Let z(d) = -d**3 + 3*d**2 + 3*d + 2. Let b be z(3). Let t = 26 - b. What is the remainder when t is divided by 6?
3
Let q(g) = g**2 - 4. Let j(d) = d**3 + 12*d**2 + 12*d + 14. Let n be j(-11). Calculate the remainder when 18 is divided by q(n).
3
Suppose 6*l = 2*l + 56. Calculate the remainder when l is divided by 8.
6
Suppose 3*i - 2*i = 45. Suppose -7*y + 2*y + i = 0. Calculate the remainder when 34 is divided by y.
7
Suppose -h = 3*k - 2*h - 72, -5*k + 3*h + 124 = 0. Suppose a - 12 = -0*a. Calculate the remainder when k is divided by a.
11
Suppose -3*j + z - 11 + 50 = 0, 5*j - 65 = 2*z. What is the remainder when j is divided by 4?
1
Suppose -7*l = -4*l - 18. Let j(a) = -a**3 + 2 - 2*a + 9*a - l*a**2 + 3. What is the remainder when 9 is divided by j(-7)?
4
Suppose 3*b = -0*b - 9, z - 4*b = 84. What is the remainder when z is divided by 27?
18
Let a(j) = -3*j**3 + j**2 + 2*j + 3. What is the remainder when a(-2) is divided by 7?
6
Suppose -20 = 94*p - 98*p. What is the remainder when 19 is divided by p?
4
Let h = 15 + -9. Let n(r) = -r**3 + 6*r**2 - 5. Let v be n(h). What is the remainder when 70 is divided by -1 - -3 - 80/v?
16
Let w(t) = t**2 + 3*t - 6 - 7*t + 0*t**2. Calculate the remainder when 10 is divided by w(6).
4
Suppose -z = k - 4, -z - 4*k - 3 = -4. Let x(i) = i**3 + 5*i**2 + 4*i + 5. Let o be x(-4). Calculate the remainder when ((-28)/(-10))/(1/o) is divided by z.
4
Suppose 2*b = 3*t + 3*b - 160, 0 = 2*t - 2*b - 96. Suppose -5*m - 4*w + 2 + 102 = 0, -5*w + t = 3*m. What is the remainder when m is divided by 13?
11
Let x = -79 - -134. Suppose -5*c + 2*c + 12 = 0. Calculate the remainder when x is divided by 19*-3*c/(-12).
17
Let m = -5 - 1. Let j = m - -22. Suppose -2*c + j = -36. Calculate the remainder when c is divided by 9.
8
Suppose 2*r = 5*l - 0*r - 184, 5*l + 2*r = 196. Let d(z) = -2*z + 0 + 4 + 3*z. Calculate the remainder when l is divided by d(9).
12
Let v(p) = -3 + 9*p - 1 + 6 - 1. Calculate the remainder when v(1) is divided by 3.
1
Let q = -63 + 24. Let t = 64 + q. Calculate the remainder when t is divided by 9.
7
Let w(q) = q**3 - 7*q**2 - 7*q - 6. Let o be w(8). What is the remainder when 43 is divided by o/7 + (-150)/(-14)?
10
Let p(f) = f**2 + 4. What is the remainder when p(-8) is divided by 23?
22
Let l(b) be the second derivative of 3*b**3/2 - 2*b**2 + 2*b. Let z be l(3). Suppose 4*m = -7 + z. Calculate the remainder when 11 is divided by m.
3
Suppose 0 = 3*n - 47 - 1. Let h(z) = -z**2 + 9*z - 4. Let c be h(5). Let g = c + -7. What is the remainder when n is divided by g?
7
Suppose 3*t - 25 = -x, -5*t = -10*t - 2*x + 42. Let c = t - -14. Let f(u) = -u - 11. What is the remainder when c is divided by f(-23)?
10
Suppose -177 = 18*w - 21*w. What is the remainder when 291 is divided by w?
55
Let n = 82 - 63. Calculate the remainder when 42 is divided by n.
4
What is the remainder when 127 is divided by 98/3 - 10/15?
31
Suppose -52 = -b - b. Let h be -3 - -5 - (0 - b). Let r = h + -17. What is the remainder when r is divided by 4?
3
Let y = 79 + -64. What is the remainder when 44 is divided by y?
14
What is the remainder when (0 - -3)*106/3 is divided by 27?
25
Let t(x) be the second derivative of x**4/6 + 4*x**3/3 + 5*x**2/2 + 2*x. What is the remainder when 27 is divided by t(-5)?
12
Let w be 9/6*32/6. Let a = w - 12. Calculate the remainder when a*(-3*1 - -2) is divided by 3.
1
Let h = 7 + 0. Suppose 42 = 3*z + 30. What is the remainder when h is divided by z?
3
Suppose i = -5*o + 56, -o + 3*o = -3*i + 12. Suppose 4*y = -3*q + y + 162, 0 = -3*q - y + 168. Calculate the remainder when q is divided by o.
9
Let m(o) = 3*o + 23*o**2 - 1 - o - o**2. Let s be 2/1 - (-4 - (-9 - -4)). Calculate the remainder when 45 is divided by m(s).
22
Calculate the remainder when -3*(-40)/12 + 2 is divided by (-14)/2*(-1 + 0).
5
Suppose -5*b - 12 = -7*b. Calculate the remainder when 62 is divided by (4 - b)*(-8)/1.
14
Let x(b) = 61*b**3 + b. Suppose -3*k = -5*f - 83, 2*k - 6*k = -4*f - 100. Calculate the remainder when x(1) is divided by k.
20
Let i = -10 + 18. Suppose 2*y - 4*q = 24, -3*y + 0*q = q - 8. Suppose c + 45 + 48 = y*k, -2*c = k - 12. Calculate the remainder when k is divided by i.
6
Let d = -77 - -129. Suppose 0 = 5*p - 3*a - 91, 3*a + a - d = -2*p. Calculate the remainder when p is divided by 11.
9
Let x(h) = 8*h - 3. What is the remainder when 340/14 - 20/70 is divided by x(2)?
11
Let q(i) = -i**3 + 5*i**2 - 4*i + 3. Let m = 17 + -10. Calculate the remainder when m is divided by q(4).
1
Suppose 0 = -3*p - 5*f + f + 38, 30 = 2*p + 5*f. Suppose 2*c - p = 28. Calculate the remainder when c is divided by 10.
9
Let b be 0 - (-14)/(-2)*-9. Suppose -4*d = -117 - b. Calculate the remainder when d is divided by 24.
21
Let s(j) = -j**3 - 2*j**2 - 7*j + 1. Calculate the remainder when s(-4) is divided by 24.
13
Let u = 11 - 7. Suppose 49 = -u*t + 197. Calculate the remainder when t is divided by 13.
11
Let f(d) = d**3 - 9*d**2 + 11*d - 11. Let u = 10 - 2. Let g = 5 + 0. Calculate the remainder when f(u) is divided by g.
3
Suppose -5*d + 4*x + 513 = 0, -3*x - 194 = -4*d + 216. Calculate the remainder when d is divided by 8.
5
Let i(r) = -r**3 - 8*r**2 - 4*r - 3. Let y be i(-7). Let v = -5 - y. What is the remainder when 37 is divided by v?
18
Let d(m) = -m - 1. Let k be d(-4). Suppose -k*o + 380 = 2*o - 5*b, -o - 3*b + 68 = 0. What is the remainder when o is divided by 19?
17
Calculate the remainder when 88 is divided by (-4 - -3)/(-1) + 14.
13
Let n(t) be the second derivative of t**3/3 + 3*t**2 - t. Suppose g - 20 = -3*g. Calculate the remainder when 47 is divided by n(g).
15
Suppose -21 = -4*n - 5. Let b(t) = -t**3 + 5*t**2 + t + 5. What is the remainder when b(n) is divided by 7?
4
What is the remainder when 531/3*4/6 is divided by 30?
28
Let x(k) = -k - 2. Let b be x(-5). Suppose 0 = -b*j - 0*j + 6. Suppose -110 = -j*v - 3*v. Calculate the remainder when v is divided by 12.
10
Let o = -16 - -1. Suppose 0 = -9*a + 53 + 10. What is the remainder when a is divided by ((-2)/6)/(1/o)?
2
Let l be 5 - (2 + 1)/(-3). Suppose -l = x - 0*x. Calculate the remainder when 24 is divided by -1*(-2)/(x/(-39)).
11
Suppose 4*p + 2*b = 5*p - 55, -4*b + 85 = p. Suppose 0*k = k - 17. Calculate the remainder when p is divided by k.
14
Suppose 3*n - 3*v = 6*n - 48, 2*n + v - 34 = 0. Let t = -44 - -78. What is the remainder when t is divided by n?
16
Let p(g) = g**2 - 3*g - 1. Let y = -3 - -7. Let b be p(y). Suppose 0 = b*z - 2*z - 4. What is the remainder when z is divided by 3?
1
Suppose 3*i + 34 = 3*o + o, -4*i - 3*o - 37 = 0. Let y be (-124)/i + (-4)/10. Let m = 3 + y. What is the remainder when 59 is divided by m?
14
Suppose -4*i + 31 = w, -i - 2*i + 75 = 3*w. Let r = 2 + w. Calculate the remainder when 73 is divided by r.
23
What is the remainder when (1/2)/(117/(-118) + 1) is divided by 15?
14
Suppose -5*f + 38 = -3*v, -f + 4*v = 3*v - 6. Calculate the remainder when f is divided by 8.
2
Let q = -12 - -21. Calculate the remainder when 19 is divided by q.
1
Suppose -5*w + 18 = -3*w. Let f(j) = j**3 - 9*j**2 + 4*j - 7. Calculate the remainder when f(w) is divided by 10.
9
Let u(a) = 11*a. Let j(n) = 3*n**2 - 2*n + 1. Let m be j(2). Calculate the remainder when (m/(-6) - -1)*-86 is divided by u(2).
21
Let h = 2 - 0. Suppose -2*t - h + 16 = 0. Calculate the remainder when t is divided by 4.
3
Let b = 104 - 68. What is the remainder when 103 is divided by b?
31
Suppose -3*s = -5*n + 2*s + 40, 4*n - 2*s - 22 = 0. Suppose